d by 121?
118
Calculate the remainder when 15748 is divided by 5208.
124
What is the remainder when 6805 is divided by 34?
5
Calculate the remainder when 210725 is divided by 611.
541
Calculate the remainder when 8898 is divided by 28.
22
Calculate the remainder when 2708571 is divided by 9.
3
What is the remainder when 2625 is divided by 328?
1
Calculate the remainder when 2583 is divided by 286.
9
Calculate the remainder when 20175 is divided by 404.
379
Calculate the remainder when 2271498 is divided by 700.
698
What is the remainder when 2787 is divided by 289?
186
Calculate the remainder when 364554 is divided by 465.
459
Calculate the remainder when 54738 is divided by 493.
15
What is the remainder when 475904 is divided by 14?
2
Calculate the remainder when 3857 is divided by 1917.
23
What is the remainder when 9950 is divided by 981?
140
Calculate the remainder when 1364 is divided by 152.
148
Calculate the remainder when 11764 is divided by 235.
14
Calculate the remainder when 32806 is divided by 32805.
1
Calculate the remainder when 426294 is divided by 13.
11
What is the remainder when 9627 is divided by 189?
177
Calculate the remainder when 59782 is divided by 73.
68
Calculate the remainder when 1264 is divided by 68.
40
Calculate the remainder when 796264 is divided by 1272.
1264
Calculate the remainder when 77440 is divided by 3094.
90
What is the remainder when 205177 is divided by 431?
21
What is the remainder when 175013 is divided by 58336?
5
Calculate the remainder when 9322 is divided by 1165.
2
Calculate the remainder when 73814 is divided by 6709.
15
Calculate the remainder when 21257 is divided by 26.
15
Calculate the remainder when 9757 is divided by 119.
118
What is the remainder when 2080 is divided by 75?
55
Calculate the remainder when 3585 is divided by 468.
309
What is the remainder when 89046 is divided by 89045?
1
What is the remainder when 2263 is divided by 1124?
15
Calculate the remainder when 4472 is divided by 313.
90
What is the remainder when 730506 is divided by 356?
350
What is the remainder when 47877 is divided by 15871?
264
What is the remainder when 20106 is divided by 460?
326
What is the remainder when 50894 is divided by 377?
376
What is the remainder when 490 is divided by 68?
14
Calculate the remainder when 21145 is divided by 243.
4
Calculate the remainder when 368807 is divided by 122915.
62
Calculate the remainder when 31612 is divided by 67.
55
What is the remainder when 6380 is divided by 49?
10
What is the remainder when 4629 is divided by 33?
9
Calculate the remainder when 207645 is divided by 103822.
1
What is the remainder when 1757 is divided by 687?
383
Calculate the remainder when 768 is divided by 80.
48
What is the remainder when 174245 is divided by 174220?
25
What is the remainder when 5866 is divided by 12?
10
Calculate the remainder when 464426 is divided by 113.
109
What is the remainder when 5794 is divided by 68?
14
Calculate the remainder when 448559 is divided by 356.
355
What is the remainder when 58516 is divided by 1104?
4
What is the remainder when 1160 is divided by 467?
226
Calculate the remainder when 35263 is divided by 83.
71
What is the remainder when 4444 is divided by 154?
132
What is the remainder when 57891 is divided by 41?
40
What is the remainder when 42815 is divided by 15?
5
Calculate the remainder when 251762 is divided by 21.
14
Calculate the remainder when 249345 is divided by 25.
20
What is the remainder when 4864 is divided by 1552?
208
What is the remainder when 20718 is divided by 578?
488
Calculate the remainder when 17736 is divided by 557.
469
Calculate the remainder when 5957 is divided by 149.
146
What is the remainder when 19007 is divided by 704?
703
What is the remainder when 1559 is divided by 809?
750
Calculate the remainder when 2200 is divided by 8.
0
Calculate the remainder when 9782 is divided by 290.
212
What is the remainder when 1796 is divided by 1776?
20
What is the remainder when 51685 is divided by 297?
7
Calculate the remainder when 1892 is divided by 919.
54
What is the remainder when 19603 is divided by 62?
11
What is the remainder when 475736 is divided by 457?
456
What is the remainder when 8127 is divided by 97?
76
What is the remainder when 7863 is divided by 63?
51
Calculate the remainder when 49192 is divided by 1171.
10
Calculate the remainder when 3524 is divided by 188.
140
What is the remainder when 9131 is divided by 3013?
92
Calculate the remainder when 14298 is divided by 46.
38
What is the remainder when 59809 is divided by 2389?
84
What is the remainder when 638113 is divided by 3?
1
What is the remainder when 62845 is divided by 419?
414
What is the remainder when 374884 is divided by 2130?
4
Calculate the remainder when 32458 is divided by 57.
25
Calculate the remainder when 1940 is divided by 278.
272
What is the remainder when 51674 is divided by 2146?
170
Calculate the remainder when 31914 is divided by 1229.
1189
Calculate the remainder when 9690 is divided by 8.
2
Calculate the remainder when 72057 is divided by 128.
121
Calculate the remainder when 313163 is divided by 129.
80
Calculate the remainder when 595404 is divided by 254.
28
What is the remainder when 215988 is divided by 69?
18
What is the remainder when 2668 is divided by 23?
0
What is the remainder when 6303 is divided by 6171?
132
Calculate the remainder when 93566 is divided by 46764.
38
Calculate the remainder when 234959 is divided by 2732.
7
Calculate the remainder when 584 is divided by 192.
8
What is the remainder when 23188 is divided by 94?
64
Calculate the remainder when 447742 is divided by 139.
23
What is the remainder when 4890 is divided by 488?
10
Calculate the remainder when 8332 is divided by 22.
16
Calculate the remainder when 1113 is divided by 693.
420
Calculate the remainder when 1060 is divided by 98.
80
Calculate the remainder when 1133 is divided by 539.
55
What is the remainder when 23623 is divided by 17?
10
Calculate the remainder when 38687 is divided by 62.
61
Calculate the remainder when 1624534 is divided by 232076.
2
Calculate the remainder when 7448 is divided by 17.
2
What is the remainder when 19739 is divided by 3944?
19
Calculate the remainder when 2261 is divided by 233.
164
Calculate the remainder when 5025 is divided by 5009.
16
Calculate the remainder when 40646 is divided by 952.
662
Calculate the remainder when 2470 is divided by 1339.
1131
Calculate the remainder when 1254 is divided by 1241.
13
What is the remainder when 48758 is divided by 115?
113
What is the remainder when 70661 is divided by 406?
17
What is the remainder when 1932 is divided by 49?
21
Calculate the remainder when 17011 is divided by 2044.
659
What is the remainder when 3816 is divided by 16?
8
Calculate the remainder when 74097 is divided by 1158.
1143
What is the remainder when 3560 is divided by 2?
0
Calculate the remainder when 44675 is divided by 47.
25
What is the remainder when 26851 is divided by 31?
5
Calculate the remainder when 124879 is divided by 40.
39
Calculate the remainder when 6342 is divided by 524.
54
What is the remainder when 7786 is divided by 2559?
109
Calculate the remainder when 2740 is divided by 2604.
136
Calculate the remainder when 5795 is divided by 8.
3
What is the remainder when 3781 is divided by 1779?
223
Calculate the remainder when 87116 is divided by 23.
15
Calculate the remainder when 126973 is divided by 126921.
52
What is the remainder when 6958 is divided by 42?
28
What is the remainder when 2015 is divided by 317?
113
What is the remainder when 19702 is divided by 7?
4
What is the remainder when 6310058 is divided by 18?
14
Calculate the remainder when 19762 is divided by 9876.
10
Calculate the remainder when 33133 is divided by 42.
37
Calculate the remainder when 16935 is divided by 8455.
25
Calculate the remainder when 87441 is divided by 63.
60
Calculate the remainder when 158154 is divided by 11.
7
Calculate the remainder when 6990 is divided by 965.
235
Calculate the remainder when 591440 is divided by 98570.
20
What is the remainder when 137773 is divided by 166?
159
Calculate the remainder when 284 is divided by 211.
73
Calculate the remainder when 9160 is divided by 92.